9, 691
List the prime factors of 132300.
2, 3, 5, 7
List the prime factors of 2126089.
7, 303727
List the prime factors of 443563.
443563
What are the prime factors of 5222995?
5, 17, 43, 1429
What are the prime factors of 343211?
11, 41, 761
List the prime factors of 25780538.
2, 7, 131, 14057
List the prime factors of 1744632.
2, 3, 41, 197
List the prime factors of 1640338.
2, 7, 117167
What are the prime factors of 1104607?
7, 22543
List the prime factors of 494383.
494383
List the prime factors of 643403.
643403
List the prime factors of 100580.
2, 5, 47, 107
List the prime factors of 579898.
2, 11, 43, 613
What are the prime factors of 412974?
2, 3, 22943
What are the prime factors of 152160?
2, 3, 5, 317
What are the prime factors of 1328203?
1328203
What are the prime factors of 4800232?
2, 37, 16217
List the prime factors of 1494062.
2, 17, 43943
What are the prime factors of 18489819?
3, 1613, 3821
List the prime factors of 2939588.
2, 734897
List the prime factors of 353793.
3, 11, 71, 151
List the prime factors of 34438469.
13, 19, 67, 2081
List the prime factors of 18604881.
3, 2067209
List the prime factors of 2250272.
2, 70321
List the prime factors of 15987672.
2, 3, 74017
List the prime factors of 870461.
870461
What are the prime factors of 517828?
2, 129457
What are the prime factors of 3633140?
2, 5, 7, 25951
What are the prime factors of 380802?
2, 3, 63467
What are the prime factors of 2089844?
2, 17, 73, 421
What are the prime factors of 816519?
3, 11, 109, 227
List the prime factors of 3206254.
2, 157, 10211
List the prime factors of 447961.
447961
List the prime factors of 77939.
59, 1321
List the prime factors of 12667135.
5, 13, 23, 37, 229
List the prime factors of 669654.
2, 3, 12401
List the prime factors of 109788.
2, 3, 7, 1307
List the prime factors of 3442.
2, 1721
What are the prime factors of 318103?
318103
List the prime factors of 354148.
2, 29, 43, 71
What are the prime factors of 15457573?
17, 137, 6637
List the prime factors of 292479.
3, 11, 8863
What are the prime factors of 2091630?
2, 3, 5, 113, 617
List the prime factors of 4583738.
2, 67, 79, 433
List the prime factors of 580559.
7, 197, 421
List the prime factors of 221136.
2, 3, 17, 271
What are the prime factors of 418719?
3, 7, 127, 157
What are the prime factors of 24821202?
2, 3, 7, 293, 2017
List the prime factors of 16564468.
2, 4141117
What are the prime factors of 778560?
2, 3, 5, 811
What are the prime factors of 519248?
2, 17, 23, 83
List the prime factors of 2110867.
11, 127, 1511
List the prime factors of 1900553.
1900553
List the prime factors of 3032386.
2, 7, 167, 1297
List the prime factors of 4159702.
2, 29, 71719
What are the prime factors of 537371?
43, 12497
What are the prime factors of 1251490?
2, 5, 125149
List the prime factors of 1551215.
5, 310243
List the prime factors of 1252695.
3, 5, 23, 3631
List the prime factors of 156856.
2, 7, 2801
What are the prime factors of 7026917?
659, 10663
List the prime factors of 5701849.
5701849
List the prime factors of 40385.
5, 41, 197
List the prime factors of 2745200.
2, 5, 6863
List the prime factors of 333960.
2, 3, 5, 11, 23
What are the prime factors of 755489?
7, 107927
List the prime factors of 26588270.
2, 5, 2658827
List the prime factors of 1737858.
2, 3, 289643
List the prime factors of 722269.
23, 31, 1013
List the prime factors of 394504.
2, 11, 4483
What are the prime factors of 211488?
2, 3, 2203
List the prime factors of 498075.
3, 5, 29, 229
List the prime factors of 72637.
19, 3823
What are the prime factors of 5137348?
2, 601, 2137
What are the prime factors of 23314759?
13, 31, 57853
What are the prime factors of 344729?
7, 11, 37
What are the prime factors of 5284003?
29, 61, 103
List the prime factors of 30219.
3, 7, 1439
What are the prime factors of 356157?
3, 4397
List the prime factors of 444284.
2, 109, 1019
List the prime factors of 182911.
101, 1811
List the prime factors of 253478.
2, 126739
What are the prime factors of 888304?
2, 59, 941
What are the prime factors of 1069087?
1069087
List the prime factors of 49531.
49531
List the prime factors of 197880.
2, 3, 5, 17, 97
List the prime factors of 2777823.
3, 29, 367
List the prime factors of 23817781.
13, 1832137
What are the prime factors of 20084301?
3, 41, 18143
What are the prime factors of 14063043?
3, 4687681
What are the prime factors of 813477?
3, 7, 38737
List the prime factors of 27945.
3, 5, 23
List the prime factors of 22524346.
2, 13, 43, 20147
What are the prime factors of 11733323?
7, 601, 2789
What are the prime factors of 18447662?
2, 431, 21401
List the prime factors of 3871636.
2, 23, 42083
What are the prime factors of 1791612?
2, 3, 53, 313
What are the prime factors of 523822?
2, 13, 20147
What are the prime factors of 2452641?
3, 17, 48091
List the prime factors of 1776832.
2, 27763
List the prime factors of 2753981.
499, 5519
What are the prime factors of 750130?
2, 5, 75013
What are the prime factors of 224317?
224317
What are the prime factors of 317062?
2, 47, 3373
List the prime factors of 2995323.
3, 29, 34429
List the prime factors of 1501610.
2, 5, 11, 17, 73
What are the prime factors of 189393?
3, 63131
List the prime factors of 804123.
3, 47, 1901
List the prime factors of 11766699.
3, 7, 186773
What are the prime factors of 89484?
2, 3, 7457
What are the prime factors of 1815353?
1815353
List the prime factors of 520603.
487, 1069
What are the prime factors of 321434?
2, 173, 929
List the prime factors of 934338.
2, 3, 155723
What are the prime factors of 102261?
3, 89, 383
What are the prime factors of 7256868?
2, 3, 23, 26293
What are the prime factors of 6146347?
29, 211943
What are the prime factors of 2269928?
2, 283741
What are the prime factors of 1976594?
2, 988297
List the prime factors of 3080305.
5, 43, 14327
What are the prime factors of 2304968?
2, 23, 12527
List the prime factors of 350874.
2, 3, 101, 193
What are the prime factors of 1508964?
2, 3, 41, 3067
List the prime factors of 194785.
5, 163, 239
List the prime factors of 16772328.
2, 3, 281, 829
What are the prime factors of 608109?
3, 61, 3323
What are the prime factors of 1491913?
1491913
List the prime factors of 1292673.
3, 430891
What are the prime factors of 173630?
2, 5, 97, 179
What are the prime factors of 556758?
2, 3, 30931
List the prime factors of 32761168.
2, 11, 19, 97, 101
What are the prime factors of 163123?
157, 1039
What are the prime factors of 221348?
2, 55337
What are the prime factors of 35940?
2, 3, 5, 599
What are the prime factors of 2276296?
2, 11, 25867
What are the prime factors of 4436965?
5, 13, 68261
What are the prime factors of 1276881?
3, 157, 2711
List the prime factors of 210879.
3, 23431
List the prime factors of 5614695.
3, 5, 124771
List the prime factors of 248649.
3, 82883
What are the prime factors of 931582?
2, 379, 1229
List the prime factors of 390367.
390367
What are the prime factors of 11485685?
5, 2297137
List the prime factors of 12433648.
2, 777103
What are the prime factors of 170596?
2, 42649
List the prime factors of 293295.
3, 5, 19553
List the prime factors of 178040.
2, 5, 4451
List the prime factors of 113309.
7, 16187
List the prime factors of 2816242.
2, 11, 13, 43, 229
What are the prime factors of 956238?
2, 3, 197, 809
List the prime factors of 243956.
2, 71, 859
List the prime factors of 208159.
7, 131, 227
List the prime factors of 4821136.
2, 19, 15859
What are the prime factors of 507001?
11, 46091
List the prime factors of 261200.
2, 5, 653
List the prime factors of 2175635.
5, 7, 11, 5651
List the prime factors of 6099646.
2, 7, 19, 23, 997
List the prime factors of 213587.
11, 19417
List the prime factors of 15560758.
2, 2729, 2851
What are the prime factors of 2769414?
2, 3, 461569
List the prime factors of 18236908.
2, 4559227
List the prime factors of 1201654.
2, 600827
What are the prime factors of 5903897?
5903897
List the prime factors of 13671791.
7, 17, 114889
What are the prime factors of 1525260?
2, 3, 5, 11, 2311
What are the prime factors of 1976065?
5, 7, 13, 43, 101
List the prime factors of 4310670.
2, 3, 5, 7, 13, 1579
What are the prime factors of 1308159?
3, 191, 761
What are the prime factors of 52